7*g - 54. Calculate r(12).
30
Let d(h) = -h**3 - 6*h**2 + 7*h - 7. Determine d(-7).
-7
Let j(p) = p**3 - 6*p**2 + 6*p - 18. Calculate j(5).
-13
Let r(p) = p**3 + 6*p**2 + 6*p + 27. Calculate r(-6).
-9
Let r(m) = -6*m + 7. Give r(1).
1
Let y(d) = 7*d + 53. What is y(-7)?
4
Let h(k) = -42*k + 2. Give h(-1).
44
Let q(l) = 18*l**3 + l + 1. Calculate q(-1).
-18
Let c(o) = -7*o - 345. Calculate c(-50).
5
Let n(o) = -o - 29. What is n(11)?
-40
Let q(b) = 6*b + 4. What is q(4)?
28
Let n(r) = r**2 - 12*r + 8. Determine n(7).
-27
Let m(r) = -r**3 + 7*r**2 + r + 13. Calculate m(4).
65
Let c(i) = 14*i + 2. Calculate c(-1).
-12
Let g(s) = -2*s**3 - s**2 - 5. Calculate g(0).
-5
Let w(u) = 2*u**2 - 6*u - 54. Give w(7).
2
Let i(g) = -2*g - 16. Give i(-5).
-6
Let h(v) = v**2 + 9*v + 21. Calculate h(-7).
7
Let w(a) = -2*a + 84. Determine w(35).
14
Let c(g) = 3*g - 1. Give c(4).
11
Let m(s) = -4*s - 3. Give m(-3).
9
Let y(n) = -n**3 + 28*n**2 + 26*n + 58. Determine y(29).
-29
Let n(p) = -p**2 - 14*p - 16. What is n(-18)?
-88
Let r(x) = -16*x**2 - 19*x + 5. Determine r(-2).
-21
Let z(x) = 7*x + 25. What is z(-4)?
-3
Let s(d) = -3*d**2 - 2*d - 14. Determine s(-5).
-79
Let o(n) = -n**3 + 18*n**2 + 17*n - 2. Give o(19).
-40
Let u(g) = -g**3 - 12*g**2 + 4*g + 8. Calculate u(-12).
-40
Let q(b) = 2*b - 2. What is q(4)?
6
Let l(o) = o**3 + 3*o**2 - 6*o + 2. Determine l(3).
38
Let s(u) = -u**3 - u**2 + 12*u + 23. Determine s(-3).
5
Let c(v) = -24*v. Calculate c(1).
-24
Let r(n) = n**3 - 7*n**2 + 2*n - 13. Determine r(7).
1
Let r(g) = g**3 - g**2 + g + 2. Give r(-2).
-12
Let c(a) = a**2 - 4*a + 2. Calculate c(4).
2
Let v(z) = -z**3 - 7*z**2 + 18*z + 3. Calculate v(-9).
3
Let x(m) = 28*m - 40. Give x(2).
16
Let u(d) = -7*d + 6. Calculate u(1).
-1
Let s(z) = z**3 - 7*z - 7. Determine s(-1).
-1
Let i(z) = -49*z - 192. What is i(-4)?
4
Let q(k) = k**3 + k**2 - k - 33. Calculate q(0).
-33
Let a(p) = -3*p**2 + 51*p - 13. Give a(17).
-13
Let c(s) = s**2 - 2*s - 4. Calculate c(5).
11
Let u(f) = 8*f + 11. Give u(-5).
-29
Let l(w) = -2*w - 2. Give l(-6).
10
Let g(i) = -i**3 + 8*i**2 - i + 4. Determine g(7).
46
Let f(l) = -3*l - 19. What is f(-6)?
-1
Let r(z) = -z**2 - 11*z + 9. What is r(-9)?
27
Let q(a) = 6*a + 11. Give q(-6).
-25
Let w(j) = -j + 6. What is w(9)?
-3
Let b(q) = -q**3 - 3*q**2 - 2. Calculate b(-3).
-2
Let d(k) = 2*k + 8. Give d(6).
20
Let m(j) = -3*j + 23. What is m(11)?
-10
Let r(x) = x**2 - 10*x + 27. Give r(7).
6
Let j(b) = -b**3 - 5*b**2 - 7*b - 4. Calculate j(-4).
8
Let s(y) = y - 17. What is s(12)?
-5
Let u(l) = -2*l - 15. Determine u(-9).
3
Let v(o) = -14*o + 48. Calculate v(4).
-8
Let k(j) = 154*j**3 + 2*j**2 - j. Calculate k(1).
155
Let g(n) = -2*n**2 - 13*n - 1. What is g(-5)?
14
Let w(k) = -2*k**2 + 84*k + 365. What is w(46)?
-3
Let d(o) = o**3 + o**2 - 4. Give d(0).
-4
Let n(q) = q**2 - 6*q - 2. Determine n(5).
-7
Let g(w) = w**3 - 3*w**2 + 5*w - 2. Determine g(4).
34
Let k(r) = -5*r - 53. Give k(-9).
-8
Let h(o) = -4*o**2 + 34*o - 36. Determine h(7).
6
Let x(f) = -10*f**2 + 502*f - 100. Calculate x(50).
0
Let j(i) = -11*i + 157. Give j(14).
3
Let u(j) = -j**2 + 9*j - 16. What is u(6)?
2
Let t(m) = 12*m - 1. Give t(-2).
-25
Let n(s) = -s**3 - s**2 + 2*s - 7. Calculate n(0).
-7
Let y(v) = v**3 - 11*v**2 + 5*v - 12. Determine y(10).
-62
Let x(d) = -2*d**3 - d**2 + 4*d - 1. Determine x(-2).
3
Let a(c) = c**2 + 36*c - 22. Calculate a(-37).
15
Let t(i) = 2*i**2 + 15*i. Determine t(-7).
-7
Let t(r) = -8*r - 2. Give t(-6).
46
Let w(q) = q**3 - 5*q**2 + 2. Give w(4).
-14
Let d(a) = 36*a + 892. Determine d(-25).
-8
Let w(f) = f**3 + 14*f**2 + 11*f + 156. What is w(-14)?
2
Let n(j) = j**3 - j**2 - 3*j - 2. Calculate n(-2).
-8
Let d(t) = t + 62. Calculate d(-8).
54
Let l(z) = 4*z - 9. Determine l(3).
3
Let k(q) = -4*q**2 + 4*q. Determine k(1).
0
Let g(x) = -14*x + 32. Determine g(7).
-66
Let a(h) = -2*h - 26. Calculate a(-11).
-4
Let p(d) = d + 5. Determine p(-5).
0
Let b(m) = m**2 + 18*m + 19. Determine b(-17).
2
Let h(l) = 10*l - 14. What is h(7)?
56
Let x(y) = -60*y + 74. What is x(1)?
14
Let j(r) = 8*r**2 - 6*r + 5. Give j(2).
25
Let h(z) = -20*z**3 - z**2 + z + 1. Determine h(-1).
19
Let w(r) = -r**2 + 2*r + 11. Determine w(-3).
-4
Let q(d) = -13*d**2 - 6*d + 3. Give q(-3).
-96
Let u(s) = -s**3 - 5*s**2 - 3*s - 3. Give u(-2).
-9
Let f(t) = t**3 + 3*t**2 + t - 3. What is f(-3)?
-6
Let f(a) = a**2 + 5*a + 12. Determine f(-3).
6
Let o(b) = -9*b + 3. Determine o(1).
-6
Let t(h) = 2*h**3 - 12*h**2 - 18*h + 9. What is t(7)?
-19
Let s(n) = 30*n**3 - 2*n**2 + 2*n - 1. What is s(1)?
29
Let h(q) = -q**3 + q + 159. Give h(0).
159
Let d(u) = u**3 - u**2 - 5*u + 3. Calculate d(0).
3
Let w(c) = 12*c. Calculate w(-1).
-12
Let b(f) = 3*f - 10. Calculate b(11).
23
Let t(y) = -y**3 - 5*y**2 + 14*y - 17. Give t(-7).
-17
Let x(o) = -o**3 + 8*o**2 - 6*o + 7. Calculate x(7).
14
Let t(g) = -14*g**3 + g**2 - 2*g + 1. Determine t(1).
-14
Let a(k) = -2*k**2 + 5*k - 3. Give a(4).
-15
Let n(l) = -16*l + 170. Determine n(11).
-6
Let d(s) = 2*s**3 - 6*s**2 + 5*s - 1. Give d(3).
14
Let s(x) = 2*x**2 + 11*x - 4. Give s(-5).
-9
Let q(n) = 8*n**2 + 5*n - 5. Give q(4).
143
Let a(v) = -v - 13. Determine a(-16).
3
Let x(g) = g**2 + 5*g + 3. What is x(-2)?
-3
Let w(l) = -l**3 + 5*l**2 + 9*l + 3. Give w(7).
-32
Let m(q) = -q**3 + 10*q**2 + 13*q - 23. Determine m(11).
-1
Let b(o) = 31*o - 150. What is b(5)?
5
Let p(x) = -56*x**3 - x**2 - 2*x - 1. What is p(-1)?
56
Let i(g) = 4*g + 4. Determine i(4).
20
Let u(c) = -5*c - 24. Determine u(-5).
1
Let h(l) = 2*l**2 - 3*l. What is h(2)?
2
Let h(u) = u**3 - 2*u**2 - 17*u - 1. Calculate h(-3).
5
Let a(w) = -18*w - 1. What is a(-1)?
17
Let k(h) = -11*h + 4. Give k(7).
-73
Let p(g) = -36*g + 29. Determine p(1).
-7
Let n(x) = -2*x + 18. Determine n(10).
-2
Let l(f) = -f**2 - 10*f - 14. Calculate l(-6).
10
Let o(y) = -y**3 + 9*y**2 - 6*y - 7. Give o(7).
49
Let m(g) = -2*g**2 - 42*g + 91. Give m(-23).
-1
Let b(j) = -3*j**3 + 13*j**2 - 18*j + 49. Calculate b(4).
-7
Let d(v) = -9*v + 108. Calculate d(10).
18
Let v(w) = -w**2 - 12*w - 34. Calculate v(-3).
-7
Let i(c) = c**3 + 2*c + 2. Calculate i(-1).
-1
Let c(i) = 3*i - 57. What is c(9)?
-30
Let h(x) = x**2 - 21*x + 28. What is h(21)?
28
Let h(z) = z**2 - 19*z + 45. Give h(8).
-43
Let s(q) = q + 13. What is s(-10)?
3
Let w(g) = -g**2 + 7. What is w(-5)?
-18
Let b(l) = 30*l + 65. Calculate b(-2).
5
Let f(m) = -25*m**2 + 2*m + 1. What is f(-1)?
-26
Let r(t) = -4*t - 70. Calculate r(-20).
10
Let j(c) = -4*c + 10. Determine j(5).
-10
Let z(v) = 2*v**2 + 2*v - 3. Calculate z(-4).
21
Let n(h) = h**2 - 7*h - 103. Calculate n(0).
-103
Let o(i) = -i**3 + 12*i**2 + 15*i - 9. What is o(13)?
17
Let p(r) = -r**3 + 12*r**2 + 10*r + 6. Calculate p(13).
-33
Let b(a) = 2*a - 32. Determine b(-13).
-58
Let p(o) = -o**3 - 4*o**2 - 7. Determine p(-4).
-7
Let s(m) = -263*m + 1581. Determine s(6).
3
Let b(g) = -9*g - 128. What is b(-14)?
-2
Let n(d) = d**3 + 32*d**2 - 33*d - 8. Calculate n(-33).
-8
Let p(g) = g**3 + g**2 - g - 1. Calculate p(-1).
0
Let s(p) = p**2 + 7*p - 7. Calculate s(-9).
11
Let k(x) = -44*x**3 - 2*x**2 + 1. Determine k(-1).
43
Let v(a) = -3*a + 4. Calculate v(-5).
19
Let t(o) = 6*o**2 - 16*o + 6. Give t(2).
-2
Let i(s) = s**2 - 4*s + 1. Give i(-5).
46
Let l(k) = k**2 - 13*k - 12. Determine l(12).
-24
Let g(z) = z - 8. Calculate g(10).
2
Let s(n) = -n**3 - 6*n**2 + 9*n + 67. Calculate s(-4).
-1
Let p(a) = a + 11. What is p(-9)?
2
Let l(u) = -2*u**2 + 44*u. Calculate l(22).
0
Let c(d) = -5*d + 37. Determine c(6).
7
Let d(y) = 3*y**2 - 62*y + 102. Calculate d(19).
7
Let v(p) = 40*p + 231. Calculate v(-6).
-9
Let z(n) = -n**3 + 6*n**2 - 24. Determine z(5).
1
Let y(g) = 3*g**2 - 3*g - 4. What is y(5)?
56
Let j(n) = n**3 - 13*n**2 + n - 24. Determine j(13).
-11
Let g(r) = 89*r + 1335. Determine g(-15).
0
Let z(h) = h**3 + 8*h**2 + 13*h + 6. Calculate z(-6).
0
Let r(o) = -o**3 - 9*o**2 - 10*o - 2. Calculate r(-8).
14
Let m(r) = 5*r + 1. What is m(-2)?
-9
Let d(v) = 3*v**2 + 2*v + 12. Determine d(-3).
33
Let h(z) = -13*z + 36. Give h(1).
23
Let v(m) = 7*m + 18. Calculate v(-10).
-52
Let z(l) = 6*l**2 - 66*l + 10. Determine z(11).
10
Let h(x) = 37*x + 331. Determine h(-9).
-2
Let y(p) = -p**3 + 6*p**2 + 16*p + 8. Determ